{"id":42,"date":"2018-03-05T22:13:19","date_gmt":"2018-03-05T21:13:19","guid":{"rendered":"http:\/\/www.dancesociety.info\/?page_id=42"},"modified":"2025-11-25T17:52:05","modified_gmt":"2025-11-25T16:52:05","slug":"trainerteam","status":"publish","type":"page","link":"http:\/\/www.dancesociety.info\/?page_id=42","title":{"rendered":"Trainer und Vorstand"},"content":{"rendered":"<div class=\"wp-block-image\">\n<figure class=\"aligncenter size-large\"><img loading=\"lazy\" decoding=\"async\" width=\"1024\" height=\"683\" src=\"http:\/\/www.dancesociety.info\/wp-content\/uploads\/2025\/08\/IMG_6686-1024x683.jpg\" alt=\"\" class=\"wp-image-1893\" srcset=\"http:\/\/www.dancesociety.info\/wp-content\/uploads\/2025\/08\/IMG_6686-1024x683.jpg 1024w, http:\/\/www.dancesociety.info\/wp-content\/uploads\/2025\/08\/IMG_6686-300x200.jpg 300w, http:\/\/www.dancesociety.info\/wp-content\/uploads\/2025\/08\/IMG_6686-768x512.jpg 768w, http:\/\/www.dancesociety.info\/wp-content\/uploads\/2025\/08\/IMG_6686-1536x1024.jpg 1536w, http:\/\/www.dancesociety.info\/wp-content\/uploads\/2025\/08\/IMG_6686-2048x1365.jpg 2048w, http:\/\/www.dancesociety.info\/wp-content\/uploads\/2025\/08\/IMG_6686-1140x760.jpg 1140w\" sizes=\"auto, (max-width: 1024px) 100vw, 1024px\" \/><\/figure><\/div>\n\n\n<h2 class=\"wp-block-heading has-text-align-center has-large-font-size\" style=\"text-transform:capitalize\">Trainer<\/h2>\n\n\n\n<div class=\"wp-block-group\"><div class=\"wp-block-group__inner-container is-layout-flow wp-block-group-is-layout-flow\">\n<p class=\"has-text-align-center has-medium-font-size\">Lea Malkmus, Lisa Burkhard seit 2020 Trainerinnen von Mini Society<\/p>\n\n\n\n<p class=\"has-text-align-center has-medium-font-size\">Julia Knaus seit 2008 Trainerin von Young Society<\/p>\n\n\n\n<p class=\"has-text-align-center has-medium-font-size\">Jessica Fries seit 2023 Trainerin von SocieTeam<\/p>\n\n\n\n<p class=\"has-text-align-center has-medium-font-size\">Hannah Schwarz seit 2025 Trainerin von Societeens <\/p>\n\n\n\n<p class=\"has-text-align-center has-medium-font-size\">Christian Beck seit 2025 Trainer von Mixed Society<\/p>\n\n\n\n<p class=\"has-text-align-center has-medium-font-size\">Phillip Sch\u00e4fer, Christine Hoppe seit 2022 Trainer von Unlimited Society<\/p>\n\n\n\n<p class=\"has-text-align-center has-medium-font-size\">Lea Malkmus, Anna Raab, Jenny Michel seit 2023 Trainerinnen von Xtra Society <\/p>\n\n\n\n<p class=\"has-text-align-center has-medium-font-size\"><\/p>\n\n\n\n<p class=\"has-text-align-center has-medium-font-size\">Julia Knaus, Lisa D\u00f6ring, Lea Kapper seit 2025 Trainerinnen von Buddy Society<\/p>\n\n\n\n<p class=\"has-medium-font-size\"><\/p>\n\n\n\n<h2 class=\"wp-block-heading has-text-align-center has-large-font-size\">Vorstand<\/h2>\n\n\n\n<p><\/p>\n\n\n\n<p class=\"has-text-align-center has-medium-font-size\">Christine Hoppe (1. Vorsitzende)<\/p>\n\n\n\n<p class=\"has-text-align-center has-medium-font-size\">Jessica Becker (2. Vorsitzende)<\/p>\n\n\n\n<p class=\"has-text-align-center has-medium-font-size\">Jessica Lanninger (Kassenwart)<\/p>\n\n\n\n<p class=\"has-text-align-center has-medium-font-size\">Julia Knaus (Schriftf\u00fchrerin)<\/p>\n\n\n\n<p class=\"has-text-align-center has-medium-font-size\">Jessica Fries-M\u00fcller (Stellv. Schriftf\u00fchrerin)<\/p>\n\n\n\n<p class=\"has-text-align-center has-medium-font-size\">Lea Marie Kapper (Jugendwart)<\/p>\n\n\n\n<p class=\"has-text-align-center has-medium-font-size\">Jennifer Michel (Stellv. Jugendwart)<\/p>\n\n\n\n<p class=\"has-text-align-center has-medium-font-size\">Lisa D\u00f6ring (Pressewart)<\/p>\n\n\n\n<p class=\"has-text-align-center has-medium-font-size\">Alicia Baumann (\u00d6ffentlichkeitsarbeit)<\/p>\n\n\n\n<p class=\"has-text-align-center has-medium-font-size\">Lisa Schuster (1. Beisitzer)<\/p>\n\n\n\n<p class=\"has-text-align-center has-medium-font-size\">Sabrina K\u00f6ster (2. Beisitzer)<\/p>\n\n\n\n<p class=\"has-text-align-center has-medium-font-size\">Christian Beck (3. Beisitzer)<\/p>\n\n\n\n<p><\/p>\n\n\n\n<h2 class=\"wp-block-heading has-text-align-center has-large-font-size\">Funktion\u00e4re<\/h2>\n\n\n\n<p class=\"has-text-align-center has-medium-font-size\">Lisa Brand (Kassenpr\u00fcfer), Marie Christ (Kassenpr\u00fcfer), Lena Hoppe (Kassenpr\u00fcfer)<\/p>\n\n\n\n<p class=\"has-medium-font-size\"><\/p>\n\n\n\n<h2 class=\"wp-block-heading has-text-align-center has-large-font-size\">Homepage<\/h2>\n\n\n\n<p class=\"has-text-align-center has-medium-font-size\">Alicia Baumann<\/p>\n<\/div><\/div>\n","protected":false},"excerpt":{"rendered":"<p>Trainer Lea Malkmus, Lisa Burkhard seit 2020 Trainerinnen von Mini Society Julia Knaus seit 2008 Trainerin von Young Society Jessica Fries seit 2023 Trainerin von SocieTeam Hannah Schwarz seit 2025 Trainerin von Societeens Christian Beck seit 2025 Trainer von Mixed Society Phillip Sch\u00e4fer, Christine Hoppe seit 2022 Trainer von Unlimited Society Lea Malkmus, Anna Raab, Jenny Michel seit 2023 Trainerinnen von Xtra Society Julia Knaus, Lisa D\u00f6ring, Lea Kapper seit 2025 Trainerinnen von Buddy Society Vorstand Christine Hoppe (1. Vorsitzende) Jessica Becker (2. Vorsitzende) Jessica Lanninger (Kassenwart) Julia Knaus (Schriftf\u00fchrerin) Jessica Fries-M\u00fcller (Stellv. Schriftf\u00fchrerin) Lea Marie Kapper (Jugendwart) Jennifer Michel (Stellv. Jugendwart) Lisa D\u00f6ring (Pressewart) Alicia Baumann (\u00d6ffentlichkeitsarbeit) Lisa Schuster (1. Beisitzer) Sabrina K\u00f6ster (2. Beisitzer) Christian Beck (3. Beisitzer) Funktion\u00e4re Lisa Brand (Kassenpr\u00fcfer), Marie Christ (Kassenpr\u00fcfer), Lena Hoppe (Kassenpr\u00fcfer) Homepage Alicia Baumann<\/p>\n","protected":false},"author":1,"featured_media":0,"parent":0,"menu_order":0,"comment_status":"closed","ping_status":"closed","template":"","meta":{"footnotes":""},"class_list":["post-42","page","type-page","status-publish","hentry"],"_links":{"self":[{"href":"http:\/\/www.dancesociety.info\/index.php?rest_route=\/wp\/v2\/pages\/42","targetHints":{"allow":["GET"]}}],"collection":[{"href":"http:\/\/www.dancesociety.info\/index.php?rest_route=\/wp\/v2\/pages"}],"about":[{"href":"http:\/\/www.dancesociety.info\/index.php?rest_route=\/wp\/v2\/types\/page"}],"author":[{"embeddable":true,"href":"http:\/\/www.dancesociety.info\/index.php?rest_route=\/wp\/v2\/users\/1"}],"replies":[{"embeddable":true,"href":"http:\/\/www.dancesociety.info\/index.php?rest_route=%2Fwp%2Fv2%2Fcomments&post=42"}],"version-history":[{"count":32,"href":"http:\/\/www.dancesociety.info\/index.php?rest_route=\/wp\/v2\/pages\/42\/revisions"}],"predecessor-version":[{"id":1905,"href":"http:\/\/www.dancesociety.info\/index.php?rest_route=\/wp\/v2\/pages\/42\/revisions\/1905"}],"wp:attachment":[{"href":"http:\/\/www.dancesociety.info\/index.php?rest_route=%2Fwp%2Fv2%2Fmedia&parent=42"}],"curies":[{"name":"wp","href":"https:\/\/api.w.org\/{rel}","templated":true}]}}