{"id":264,"date":"2018-01-27T22:01:03","date_gmt":"2018-01-27T21:01:03","guid":{"rendered":"http:\/\/www.dancesociety.info\/?page_id=264"},"modified":"2025-05-16T20:13:50","modified_gmt":"2025-05-16T18:13:50","slug":"beschreibung","status":"publish","type":"page","link":"http:\/\/www.dancesociety.info\/?page_id=264","title":{"rendered":"Beschreibung High Society"},"content":{"rendered":"\n<figure class=\"wp-block-image size-large\"><img loading=\"lazy\" decoding=\"async\" width=\"1024\" height=\"683\" src=\"http:\/\/www.dancesociety.info\/wp-content\/uploads\/2023\/11\/6W9A1719-1024x683.jpg\" alt=\"\" class=\"wp-image-1667\" srcset=\"http:\/\/www.dancesociety.info\/wp-content\/uploads\/2023\/11\/6W9A1719-1024x683.jpg 1024w, http:\/\/www.dancesociety.info\/wp-content\/uploads\/2023\/11\/6W9A1719-300x200.jpg 300w, http:\/\/www.dancesociety.info\/wp-content\/uploads\/2023\/11\/6W9A1719-768x512.jpg 768w, http:\/\/www.dancesociety.info\/wp-content\/uploads\/2023\/11\/6W9A1719-1536x1024.jpg 1536w, http:\/\/www.dancesociety.info\/wp-content\/uploads\/2023\/11\/6W9A1719-2048x1365.jpg 2048w, http:\/\/www.dancesociety.info\/wp-content\/uploads\/2023\/11\/6W9A1719-1140x760.jpg 1140w\" sizes=\"auto, (max-width: 1024px) 100vw, 1024px\" \/><\/figure>\n\n\n<p style=\"text-align: center;\"><strong>High Society&#8230;<\/strong><\/p>\n<p style=\"text-align: center;\">&#8230; war urspr\u00fcnglich als reine Mutti-Tanzgruppe gedacht.<\/p>\n<p style=\"text-align: center;\">Aber durch viel Engagement und ganz viel Elan der T\u00e4nzerinnen ist aus dieser Gruppe eine richtige Damentanzgruppe geworden.<\/p>\n<p style=\"text-align: center;\">Du willst dabei sein? Dein K\u00f6nnen auf Turnieren, Fastnachtsitzungen oder anderen Veranstaltungen zum Besten geben?<\/p>\n<p style=\"text-align: center;\">Das Ganze aber in einem tollen Team, einer tollen Trainerin und mit jeder Menge Spa\u00df?<\/p>\n<p style=\"text-align: center;\">Dann bist du bei High Society genau richtig.<\/p>\n<p style=\"text-align: center;\">Die Gruppe besteht zur Zeit aus 23 M\u00e4dels im Alter zwischen 16 und 50 Jahren.<\/p>\n<p style=\"text-align: center;\">Junge Frauen und Frauen, die jung geblieben sind und Spa\u00df am Tanzen haben, sind herzlich Willkommen sind!<\/p>","protected":false},"excerpt":{"rendered":"<p>High Society&#8230; &#8230; war urspr\u00fcnglich als reine Mutti-Tanzgruppe gedacht. Aber durch viel Engagement und ganz viel Elan der T\u00e4nzerinnen ist aus dieser Gruppe eine richtige Damentanzgruppe geworden. Du willst dabei sein? Dein K\u00f6nnen auf Turnieren, Fastnachtsitzungen oder anderen Veranstaltungen zum Besten geben? Das Ganze aber in einem tollen Team, einer tollen Trainerin und mit jeder Menge Spa\u00df? Dann bist du bei High Society genau richtig. Die Gruppe besteht zur Zeit aus 23 M\u00e4dels im Alter zwischen 16 und 50 Jahren. Junge Frauen und Frauen, die jung geblieben sind und Spa\u00df am Tanzen haben, sind herzlich Willkommen sind!<\/p>\n","protected":false},"author":1,"featured_media":0,"parent":261,"menu_order":0,"comment_status":"closed","ping_status":"closed","template":"","meta":{"footnotes":""},"class_list":["post-264","page","type-page","status-publish","hentry"],"_links":{"self":[{"href":"http:\/\/www.dancesociety.info\/index.php?rest_route=\/wp\/v2\/pages\/264","targetHints":{"allow":["GET"]}}],"collection":[{"href":"http:\/\/www.dancesociety.info\/index.php?rest_route=\/wp\/v2\/pages"}],"about":[{"href":"http:\/\/www.dancesociety.info\/index.php?rest_route=\/wp\/v2\/types\/page"}],"author":[{"embeddable":true,"href":"http:\/\/www.dancesociety.info\/index.php?rest_route=\/wp\/v2\/users\/1"}],"replies":[{"embeddable":true,"href":"http:\/\/www.dancesociety.info\/index.php?rest_route=%2Fwp%2Fv2%2Fcomments&post=264"}],"version-history":[{"count":8,"href":"http:\/\/www.dancesociety.info\/index.php?rest_route=\/wp\/v2\/pages\/264\/revisions"}],"predecessor-version":[{"id":1813,"href":"http:\/\/www.dancesociety.info\/index.php?rest_route=\/wp\/v2\/pages\/264\/revisions\/1813"}],"up":[{"embeddable":true,"href":"http:\/\/www.dancesociety.info\/index.php?rest_route=\/wp\/v2\/pages\/261"}],"wp:attachment":[{"href":"http:\/\/www.dancesociety.info\/index.php?rest_route=%2Fwp%2Fv2%2Fmedia&parent=264"}],"curies":[{"name":"wp","href":"https:\/\/api.w.org\/{rel}","templated":true}]}}