{"id":235,"date":"2018-01-27T21:21:21","date_gmt":"2018-01-27T20:21:21","guid":{"rendered":"http:\/\/www.dancesociety.info\/?page_id=235"},"modified":"2025-08-20T17:52:56","modified_gmt":"2025-08-20T15:52:56","slug":"beschreibung","status":"publish","type":"page","link":"http:\/\/www.dancesociety.info\/?page_id=235","title":{"rendered":"Beschreibung"},"content":{"rendered":"<h1 style=\"text-align: center;\">\u00a0<\/h1>\n<h3 style=\"text-align: center;\">Die Societeens sind, wie der Name schon verr\u00e4t, unsere Teenagergruppe. Die T\u00e4nzer\/innen sind zwischen 12 und 15 Jahren alt und werden trainiert von Hannah Schwarz.<\/h3>\n<h3 style=\"text-align: center;\">Die 20 &#8211; 30 M\u00e4dchen nehmen regelm\u00e4\u00dfig an Turnieren und Meisterschaften teil und konnten sich dadurch schon einige Treppchenpl\u00e4tze und Meisterschaftstitel ertanzen.<\/h3>\n<p style=\"text-align: center;\">\u00a0<\/p>\n\n<div class=\"wp-block-image\">\n<figure class=\"aligncenter size-full\"><img loading=\"lazy\" decoding=\"async\" width=\"2394\" height=\"1008\" src=\"http:\/\/www.dancesociety.info\/wp-content\/uploads\/2019\/12\/teenss.jpg\" alt=\"\" class=\"wp-image-1056\" srcset=\"http:\/\/www.dancesociety.info\/wp-content\/uploads\/2019\/12\/teenss.jpg 2394w, http:\/\/www.dancesociety.info\/wp-content\/uploads\/2019\/12\/teenss-300x126.jpg 300w, http:\/\/www.dancesociety.info\/wp-content\/uploads\/2019\/12\/teenss-1024x431.jpg 1024w, http:\/\/www.dancesociety.info\/wp-content\/uploads\/2019\/12\/teenss-768x323.jpg 768w, http:\/\/www.dancesociety.info\/wp-content\/uploads\/2019\/12\/teenss-1536x647.jpg 1536w, http:\/\/www.dancesociety.info\/wp-content\/uploads\/2019\/12\/teenss-2048x862.jpg 2048w, http:\/\/www.dancesociety.info\/wp-content\/uploads\/2019\/12\/teenss-370x156.jpg 370w, http:\/\/www.dancesociety.info\/wp-content\/uploads\/2019\/12\/teenss-1040x438.jpg 1040w\" sizes=\"auto, (max-width: 2394px) 100vw, 2394px\" \/><figcaption class=\"wp-element-caption\">Tanz 2019<\/figcaption><\/figure><\/div>","protected":false},"excerpt":{"rendered":"<p>\u00a0 Die Societeens sind, wie der Name schon verr\u00e4t, unsere Teenagergruppe. Die T\u00e4nzer\/innen sind zwischen 12 und 15 Jahren alt und werden trainiert von Hannah Schwarz. Die 20 &#8211; 30 M\u00e4dchen nehmen regelm\u00e4\u00dfig an Turnieren und Meisterschaften teil und konnten sich dadurch schon einige Treppchenpl\u00e4tze und Meisterschaftstitel ertanzen. \u00a0<\/p>\n","protected":false},"author":1,"featured_media":0,"parent":232,"menu_order":0,"comment_status":"closed","ping_status":"closed","template":"","meta":{"footnotes":""},"class_list":["post-235","page","type-page","status-publish","hentry"],"_links":{"self":[{"href":"http:\/\/www.dancesociety.info\/index.php?rest_route=\/wp\/v2\/pages\/235","targetHints":{"allow":["GET"]}}],"collection":[{"href":"http:\/\/www.dancesociety.info\/index.php?rest_route=\/wp\/v2\/pages"}],"about":[{"href":"http:\/\/www.dancesociety.info\/index.php?rest_route=\/wp\/v2\/types\/page"}],"author":[{"embeddable":true,"href":"http:\/\/www.dancesociety.info\/index.php?rest_route=\/wp\/v2\/users\/1"}],"replies":[{"embeddable":true,"href":"http:\/\/www.dancesociety.info\/index.php?rest_route=%2Fwp%2Fv2%2Fcomments&post=235"}],"version-history":[{"count":8,"href":"http:\/\/www.dancesociety.info\/index.php?rest_route=\/wp\/v2\/pages\/235\/revisions"}],"predecessor-version":[{"id":1854,"href":"http:\/\/www.dancesociety.info\/index.php?rest_route=\/wp\/v2\/pages\/235\/revisions\/1854"}],"up":[{"embeddable":true,"href":"http:\/\/www.dancesociety.info\/index.php?rest_route=\/wp\/v2\/pages\/232"}],"wp:attachment":[{"href":"http:\/\/www.dancesociety.info\/index.php?rest_route=%2Fwp%2Fv2%2Fmedia&parent=235"}],"curies":[{"name":"wp","href":"https:\/\/api.w.org\/{rel}","templated":true}]}}