{"id":1771,"date":"2025-03-20T09:26:06","date_gmt":"2025-03-20T08:26:06","guid":{"rendered":"http:\/\/www.dancesociety.info\/?page_id=1771"},"modified":"2025-08-20T18:10:27","modified_gmt":"2025-08-20T16:10:27","slug":"buddy-society","status":"publish","type":"page","link":"http:\/\/www.dancesociety.info\/?page_id=1771","title":{"rendered":"Buddy Society"},"content":{"rendered":"<div class=\"wp-block-image\">\n<figure class=\"aligncenter size-large is-resized\"><img loading=\"lazy\" decoding=\"async\" width=\"1024\" height=\"813\" src=\"http:\/\/www.dancesociety.info\/wp-content\/uploads\/2025\/04\/WhatsApp-Bild-2025-04-08-um-09.13.41_ed3dfdc2-1024x813.jpg\" alt=\"\" class=\"wp-image-1796\" style=\"width:501px;height:auto\" srcset=\"http:\/\/www.dancesociety.info\/wp-content\/uploads\/2025\/04\/WhatsApp-Bild-2025-04-08-um-09.13.41_ed3dfdc2-1024x813.jpg 1024w, http:\/\/www.dancesociety.info\/wp-content\/uploads\/2025\/04\/WhatsApp-Bild-2025-04-08-um-09.13.41_ed3dfdc2-300x238.jpg 300w, http:\/\/www.dancesociety.info\/wp-content\/uploads\/2025\/04\/WhatsApp-Bild-2025-04-08-um-09.13.41_ed3dfdc2-768x610.jpg 768w, http:\/\/www.dancesociety.info\/wp-content\/uploads\/2025\/04\/WhatsApp-Bild-2025-04-08-um-09.13.41_ed3dfdc2-1536x1219.jpg 1536w, http:\/\/www.dancesociety.info\/wp-content\/uploads\/2025\/04\/WhatsApp-Bild-2025-04-08-um-09.13.41_ed3dfdc2-2048x1625.jpg 2048w, http:\/\/www.dancesociety.info\/wp-content\/uploads\/2025\/04\/WhatsApp-Bild-2025-04-08-um-09.13.41_ed3dfdc2-1140x905.jpg 1140w\" sizes=\"auto, (max-width: 1024px) 100vw, 1024px\" \/><\/figure><\/div>\n\n\n<p><\/p>\n\n\n\n<p class=\"has-text-align-center\">Unsere neu gegr\u00fcndete M\u00e4nnertanzgruppe f\u00fcr Turniere und Meisterschaften<\/p>\n\n\n\n<p class=\"has-text-align-center\"><strong>Trainingszeiten:<\/strong> Montag 19:15-22:00 Uhr, Gemeindehalle Wendelsheim<\/p>\n\n\n\n<p class=\"has-text-align-center\"><strong>Trainerinnen:<\/strong> Julia Knaus, Lisa D\u00f6ring, Lea Kapper<\/p>\n\n\n\n<p class=\"has-text-align-center\"><strong>Kontakt: <\/strong>Buddysociety@web.de<\/p>\n\n\n\n<p class=\"has-text-align-center\"><strong>Neue M\u00e4nner jederzeit herzlich Willkommen. Seid von Anfang an dabei!<\/strong><\/p>\n\n\n\n<figure class=\"wp-block-gallery has-nested-images columns-default is-cropped wp-block-gallery-1 is-layout-flex wp-block-gallery-is-layout-flex\">\n<figure class=\"wp-block-image size-large\"><img loading=\"lazy\" decoding=\"async\" width=\"1024\" height=\"768\" data-id=\"1801\" src=\"http:\/\/www.dancesociety.info\/wp-content\/uploads\/2025\/04\/WhatsApp-Bild-2025-04-08-um-09.16.46_a90ac905-1024x768.jpg\" alt=\"\" class=\"wp-image-1801\" srcset=\"http:\/\/www.dancesociety.info\/wp-content\/uploads\/2025\/04\/WhatsApp-Bild-2025-04-08-um-09.16.46_a90ac905-1024x768.jpg 1024w, http:\/\/www.dancesociety.info\/wp-content\/uploads\/2025\/04\/WhatsApp-Bild-2025-04-08-um-09.16.46_a90ac905-300x225.jpg 300w, http:\/\/www.dancesociety.info\/wp-content\/uploads\/2025\/04\/WhatsApp-Bild-2025-04-08-um-09.16.46_a90ac905-768x576.jpg 768w, http:\/\/www.dancesociety.info\/wp-content\/uploads\/2025\/04\/WhatsApp-Bild-2025-04-08-um-09.16.46_a90ac905-1536x1152.jpg 1536w, http:\/\/www.dancesociety.info\/wp-content\/uploads\/2025\/04\/WhatsApp-Bild-2025-04-08-um-09.16.46_a90ac905-2048x1536.jpg 2048w, http:\/\/www.dancesociety.info\/wp-content\/uploads\/2025\/04\/WhatsApp-Bild-2025-04-08-um-09.16.46_a90ac905-1140x855.jpg 1140w\" sizes=\"auto, (max-width: 1024px) 100vw, 1024px\" \/><\/figure>\n\n\n\n<figure class=\"wp-block-image size-large\"><img loading=\"lazy\" decoding=\"async\" width=\"1024\" height=\"830\" data-id=\"1799\" src=\"http:\/\/www.dancesociety.info\/wp-content\/uploads\/2025\/04\/WhatsApp-Bild-2025-04-08-um-09.16.46_8f4f75d2-1024x830.jpg\" alt=\"\" class=\"wp-image-1799\" srcset=\"http:\/\/www.dancesociety.info\/wp-content\/uploads\/2025\/04\/WhatsApp-Bild-2025-04-08-um-09.16.46_8f4f75d2-1024x830.jpg 1024w, http:\/\/www.dancesociety.info\/wp-content\/uploads\/2025\/04\/WhatsApp-Bild-2025-04-08-um-09.16.46_8f4f75d2-300x243.jpg 300w, http:\/\/www.dancesociety.info\/wp-content\/uploads\/2025\/04\/WhatsApp-Bild-2025-04-08-um-09.16.46_8f4f75d2-768x623.jpg 768w, http:\/\/www.dancesociety.info\/wp-content\/uploads\/2025\/04\/WhatsApp-Bild-2025-04-08-um-09.16.46_8f4f75d2-1140x924.jpg 1140w, http:\/\/www.dancesociety.info\/wp-content\/uploads\/2025\/04\/WhatsApp-Bild-2025-04-08-um-09.16.46_8f4f75d2.jpg 1179w\" sizes=\"auto, (max-width: 1024px) 100vw, 1024px\" \/><\/figure>\n\n\n\n<figure class=\"wp-block-image size-large\"><img loading=\"lazy\" decoding=\"async\" width=\"1024\" height=\"724\" data-id=\"1779\" src=\"http:\/\/www.dancesociety.info\/wp-content\/uploads\/2025\/03\/Buddy-Society-Logo-1-1024x724.jpg\" alt=\"\" class=\"wp-image-1779\" srcset=\"http:\/\/www.dancesociety.info\/wp-content\/uploads\/2025\/03\/Buddy-Society-Logo-1-1024x724.jpg 1024w, http:\/\/www.dancesociety.info\/wp-content\/uploads\/2025\/03\/Buddy-Society-Logo-1-300x212.jpg 300w, http:\/\/www.dancesociety.info\/wp-content\/uploads\/2025\/03\/Buddy-Society-Logo-1-768x543.jpg 768w, http:\/\/www.dancesociety.info\/wp-content\/uploads\/2025\/03\/Buddy-Society-Logo-1-1536x1086.jpg 1536w, http:\/\/www.dancesociety.info\/wp-content\/uploads\/2025\/03\/Buddy-Society-Logo-1-2048x1448.jpg 2048w, http:\/\/www.dancesociety.info\/wp-content\/uploads\/2025\/03\/Buddy-Society-Logo-1-1140x806.jpg 1140w\" sizes=\"auto, (max-width: 1024px) 100vw, 1024px\" \/><\/figure>\n<\/figure>\n\n\n<div class=\"wp-block-image\">\n<figure class=\"aligncenter size-large is-resized\"><img loading=\"lazy\" decoding=\"async\" width=\"583\" height=\"1024\" src=\"http:\/\/www.dancesociety.info\/wp-content\/uploads\/2025\/04\/WhatsApp-Bild-2025-04-08-um-09.16.46_b0242599-583x1024.jpg\" alt=\"\" class=\"wp-image-1800\" style=\"width:178px;height:auto\" srcset=\"http:\/\/www.dancesociety.info\/wp-content\/uploads\/2025\/04\/WhatsApp-Bild-2025-04-08-um-09.16.46_b0242599-583x1024.jpg 583w, http:\/\/www.dancesociety.info\/wp-content\/uploads\/2025\/04\/WhatsApp-Bild-2025-04-08-um-09.16.46_b0242599-171x300.jpg 171w, http:\/\/www.dancesociety.info\/wp-content\/uploads\/2025\/04\/WhatsApp-Bild-2025-04-08-um-09.16.46_b0242599-768x1350.jpg 768w, http:\/\/www.dancesociety.info\/wp-content\/uploads\/2025\/04\/WhatsApp-Bild-2025-04-08-um-09.16.46_b0242599-874x1536.jpg 874w, http:\/\/www.dancesociety.info\/wp-content\/uploads\/2025\/04\/WhatsApp-Bild-2025-04-08-um-09.16.46_b0242599-1165x2048.jpg 1165w, http:\/\/www.dancesociety.info\/wp-content\/uploads\/2025\/04\/WhatsApp-Bild-2025-04-08-um-09.16.46_b0242599-1140x2003.jpg 1140w, http:\/\/www.dancesociety.info\/wp-content\/uploads\/2025\/04\/WhatsApp-Bild-2025-04-08-um-09.16.46_b0242599.jpg 1179w\" sizes=\"auto, (max-width: 583px) 100vw, 583px\" \/><\/figure><\/div>","protected":false},"excerpt":{"rendered":"<p>Unsere neu gegr\u00fcndete M\u00e4nnertanzgruppe f\u00fcr Turniere und Meisterschaften Trainingszeiten: Montag 19:15-22:00 Uhr, Gemeindehalle Wendelsheim Trainerinnen: Julia Knaus, Lisa D\u00f6ring, Lea Kapper Kontakt: Buddysociety@web.de Neue M\u00e4nner jederzeit herzlich Willkommen. Seid von Anfang an dabei!<\/p>\n","protected":false},"author":1,"featured_media":0,"parent":38,"menu_order":0,"comment_status":"closed","ping_status":"closed","template":"","meta":{"footnotes":""},"class_list":["post-1771","page","type-page","status-publish","hentry"],"_links":{"self":[{"href":"http:\/\/www.dancesociety.info\/index.php?rest_route=\/wp\/v2\/pages\/1771","targetHints":{"allow":["GET"]}}],"collection":[{"href":"http:\/\/www.dancesociety.info\/index.php?rest_route=\/wp\/v2\/pages"}],"about":[{"href":"http:\/\/www.dancesociety.info\/index.php?rest_route=\/wp\/v2\/types\/page"}],"author":[{"embeddable":true,"href":"http:\/\/www.dancesociety.info\/index.php?rest_route=\/wp\/v2\/users\/1"}],"replies":[{"embeddable":true,"href":"http:\/\/www.dancesociety.info\/index.php?rest_route=%2Fwp%2Fv2%2Fcomments&post=1771"}],"version-history":[{"count":8,"href":"http:\/\/www.dancesociety.info\/index.php?rest_route=\/wp\/v2\/pages\/1771\/revisions"}],"predecessor-version":[{"id":1872,"href":"http:\/\/www.dancesociety.info\/index.php?rest_route=\/wp\/v2\/pages\/1771\/revisions\/1872"}],"up":[{"embeddable":true,"href":"http:\/\/www.dancesociety.info\/index.php?rest_route=\/wp\/v2\/pages\/38"}],"wp:attachment":[{"href":"http:\/\/www.dancesociety.info\/index.php?rest_route=%2Fwp%2Fv2%2Fmedia&parent=1771"}],"curies":[{"name":"wp","href":"https:\/\/api.w.org\/{rel}","templated":true}]}}