{"id":140,"date":"2018-01-27T18:26:13","date_gmt":"2018-01-27T17:26:13","guid":{"rendered":"http:\/\/www.dancesociety.info\/?page_id=140"},"modified":"2022-10-29T20:03:16","modified_gmt":"2022-10-29T18:03:16","slug":"mini-society-trainerin","status":"publish","type":"page","link":"http:\/\/www.dancesociety.info\/?page_id=140","title":{"rendered":"Trainerinnen Mini Society"},"content":{"rendered":"\n<figure class=\"wp-block-image\"><img loading=\"lazy\" decoding=\"async\" width=\"1024\" height=\"619\" src=\"http:\/\/www.dancesociety.info\/wp-content\/uploads\/2022\/08\/292158875_2282482768572947_5964676405723424971_n-1024x619.jpg\" alt=\"\" class=\"wp-image-1234\" srcset=\"http:\/\/www.dancesociety.info\/wp-content\/uploads\/2022\/08\/292158875_2282482768572947_5964676405723424971_n-1024x619.jpg 1024w, http:\/\/www.dancesociety.info\/wp-content\/uploads\/2022\/08\/292158875_2282482768572947_5964676405723424971_n-300x181.jpg 300w, http:\/\/www.dancesociety.info\/wp-content\/uploads\/2022\/08\/292158875_2282482768572947_5964676405723424971_n-768x464.jpg 768w, http:\/\/www.dancesociety.info\/wp-content\/uploads\/2022\/08\/292158875_2282482768572947_5964676405723424971_n-1536x928.jpg 1536w, http:\/\/www.dancesociety.info\/wp-content\/uploads\/2022\/08\/292158875_2282482768572947_5964676405723424971_n-370x223.jpg 370w, http:\/\/www.dancesociety.info\/wp-content\/uploads\/2022\/08\/292158875_2282482768572947_5964676405723424971_n-1040x628.jpg 1040w, http:\/\/www.dancesociety.info\/wp-content\/uploads\/2022\/08\/292158875_2282482768572947_5964676405723424971_n.jpg 2048w\" sizes=\"auto, (max-width: 1024px) 100vw, 1024px\" \/><\/figure>\n\n\n\n<p class=\"has-text-align-center\"><\/p>\n\n\n\n<p class=\"has-text-align-center has-medium-font-size\"><b>Lea Malkmus und Lisa Burkhard<\/b><\/p>\n\n\n\n<p class=\"has-text-align-center has-medium-font-size\">Email: <a><b>minisociety@gmx.de<\/b><\/a><\/p>\n\n\n\n<p class=\"has-text-align-center has-medium-font-size\">Lea und Lisa sind zusammen ein tolles Trainergespann. Mit ihrer liebevollen Art bringen sie unseren Kleinsten den Spa\u00df und die Freude am gemeinsamen Tanzen n\u00e4her. Spielerisch werden die Jungs und M\u00e4dchen auf die n\u00e4chst \u00e4ltere Kindergruppe vorbereitet.<span style=\"font-size: revert; color: initial;\">\u00a0<\/span><\/p>\n\n\n\n<p class=\"has-text-align-center has-medium-font-size\">Neben dem regelm\u00e4\u00dfigen Training schnuppern die Kinder auch bereits B\u00fchnenluft, in dem sie einmal im Monat mit der Kindergruppe Young Society zu Auftritten und Turnieren fahren.\u00a0<\/p>\n","protected":false},"excerpt":{"rendered":"<p>Lea Malkmus und Lisa Burkhard Email: minisociety@gmx.de Lea und Lisa sind zusammen ein tolles Trainergespann. Mit ihrer liebevollen Art bringen sie unseren Kleinsten den Spa\u00df und die Freude am gemeinsamen Tanzen n\u00e4her. Spielerisch werden die Jungs und M\u00e4dchen auf die n\u00e4chst \u00e4ltere Kindergruppe vorbereitet.\u00a0 Neben dem regelm\u00e4\u00dfigen Training schnuppern die Kinder auch bereits B\u00fchnenluft, in dem sie einmal im Monat mit der Kindergruppe Young Society zu Auftritten und Turnieren fahren.\u00a0<\/p>\n","protected":false},"author":1,"featured_media":0,"parent":106,"menu_order":0,"comment_status":"closed","ping_status":"closed","template":"","meta":{"footnotes":""},"class_list":["post-140","page","type-page","status-publish","hentry"],"_links":{"self":[{"href":"http:\/\/www.dancesociety.info\/index.php?rest_route=\/wp\/v2\/pages\/140","targetHints":{"allow":["GET"]}}],"collection":[{"href":"http:\/\/www.dancesociety.info\/index.php?rest_route=\/wp\/v2\/pages"}],"about":[{"href":"http:\/\/www.dancesociety.info\/index.php?rest_route=\/wp\/v2\/types\/page"}],"author":[{"embeddable":true,"href":"http:\/\/www.dancesociety.info\/index.php?rest_route=\/wp\/v2\/users\/1"}],"replies":[{"embeddable":true,"href":"http:\/\/www.dancesociety.info\/index.php?rest_route=%2Fwp%2Fv2%2Fcomments&post=140"}],"version-history":[{"count":9,"href":"http:\/\/www.dancesociety.info\/index.php?rest_route=\/wp\/v2\/pages\/140\/revisions"}],"predecessor-version":[{"id":1444,"href":"http:\/\/www.dancesociety.info\/index.php?rest_route=\/wp\/v2\/pages\/140\/revisions\/1444"}],"up":[{"embeddable":true,"href":"http:\/\/www.dancesociety.info\/index.php?rest_route=\/wp\/v2\/pages\/106"}],"wp:attachment":[{"href":"http:\/\/www.dancesociety.info\/index.php?rest_route=%2Fwp%2Fv2%2Fmedia&parent=140"}],"curies":[{"name":"wp","href":"https:\/\/api.w.org\/{rel}","templated":true}]}}